{"id":35,"date":"2016-06-25T21:14:52","date_gmt":"2016-06-25T19:14:52","guid":{"rendered":"http:\/\/dertheatermacher.ch\/theaterobertor\/?page_id=35"},"modified":"2025-06-11T11:51:00","modified_gmt":"2025-06-11T09:51:00","slug":"2011-einen-jux-will-er-sich-machen","status":"publish","type":"page","link":"https:\/\/dertheatermacher.ch\/theaterobertor\/2011-einen-jux-will-er-sich-machen\/","title":{"rendered":"2011: \u00abEinen Jux will er sich machen\u00bb von Johann Nepomuk Nestroy"},"content":{"rendered":"<p>Eigentlich sollte der Verk\u00e4ufer Weinberg den Kolonialwarenladen seines knorrigen Chefs Zangler h\u00fcten, denn der will seine Verlobte in der grossen Stadt besuchen. Und eigentlich sollte Zanglers M\u00fcndel Marie zu einer altj\u00fcngferlichen Tante reisen, damit sie ihren Geliebten Sonders nicht mehr treffen kann. Doch der Verk\u00e4ufer Weinberg will jetzt endlich einmal aus seinem langweiligen Verk\u00e4uferdasein ausbrechen. Und das M\u00fcndel Marie will endlich mit ihrem Geliebten durchbrennen.<\/p>\n<p>Wie es die Kom\u00f6dien-Logik fordert, finden sich schon bald alle am gleichen Ort wieder: die ungehorsame Belegschaft des Kolonialwarenladens, das ungeh\u00f6rige Liebespaar, der aufbrausende Chef und dessen unvorsichtige Verlobte samt abenteuerlustiger Freundin. Nestroy z\u00fcndet bei dieser Posse ein Feuerwerk an Einf\u00e4llen \u2013 und wenn Sie vor lauter Konfusion bald nicht mehr wissen, welches M\u00e4dchen f\u00fcr welche Geliebte gehalten und wer weshalb verhaftet wird, k\u00f6nnen Sie sich einfach auf Nestroy verlassen: Der Kom\u00f6dienmeister entwirrt den Kn\u00e4uel der Verwicklungen mit unvergleichlichem Geschick.<\/p>\n<p>Einen Jux will er sich machen entstand 1842 und gilt heute als Paradest\u00fcck der \u00f6sterreichischen Nationalliteratur. Nestroy nahm f\u00fcr dieses Werk die Farce A Day Well Spent von John Oxenford als Vorlage. Er adaptierte das nur ein paar Jahre \u00e4ltere St\u00fcck aber nicht einfach, sondern nutzte es f\u00fcr eine Parodie auf das Genre der Verwechslungskom\u00f6die: Mit viel Lust steigert er die Zuf\u00e4lle und Verstrickungen ins Absurde. Das fulminante St\u00fcck diente sp\u00e4ter selber als Vorlage, n\u00e4mlich f\u00fcr das Musical Hello, Dolly!, das mit Walter Matthau und Barbra Streisand in den Hauptrollen verfilmt wurde.<\/p>\n<p>Aufgef\u00fchrt vom 29. August bis 4. September 2011 im Kongresshaus Liebestrasse in Winterthur.<\/p>\n<p><img decoding=\"async\" loading=\"lazy\" class=\"alignnone size-medium wp-image-435\" src=\"http:\/\/dertheatermacher.ch\/theaterobertor\/wp-content\/uploads\/2016\/06\/DSC_0100-300x201.jpg\" alt=\"DSC_0100\" width=\"300\" height=\"201\" srcset=\"https:\/\/dertheatermacher.ch\/theaterobertor\/wp-content\/uploads\/2016\/06\/DSC_0100-300x201.jpg 300w, https:\/\/dertheatermacher.ch\/theaterobertor\/wp-content\/uploads\/2016\/06\/DSC_0100-768x514.jpg 768w, https:\/\/dertheatermacher.ch\/theaterobertor\/wp-content\/uploads\/2016\/06\/DSC_0100-700x469.jpg 700w, https:\/\/dertheatermacher.ch\/theaterobertor\/wp-content\/uploads\/2016\/06\/DSC_0100-480x320.jpg 480w, https:\/\/dertheatermacher.ch\/theaterobertor\/wp-content\/uploads\/2016\/06\/DSC_0100-320x213.jpg 320w, https:\/\/dertheatermacher.ch\/theaterobertor\/wp-content\/uploads\/2016\/06\/DSC_0100-240x160.jpg 240w, https:\/\/dertheatermacher.ch\/theaterobertor\/wp-content\/uploads\/2016\/06\/DSC_0100.jpg 850w\" sizes=\"(max-width: 300px) 100vw, 300px\" \/>\u00a0<img decoding=\"async\" loading=\"lazy\" class=\"alignnone size-medium wp-image-443\" src=\"http:\/\/dertheatermacher.ch\/theaterobertor\/wp-content\/uploads\/2016\/06\/DSC_0561-300x201.jpg\" alt=\"DSC_0561\" width=\"300\" height=\"201\" srcset=\"https:\/\/dertheatermacher.ch\/theaterobertor\/wp-content\/uploads\/2016\/06\/DSC_0561-300x201.jpg 300w, https:\/\/dertheatermacher.ch\/theaterobertor\/wp-content\/uploads\/2016\/06\/DSC_0561-768x514.jpg 768w, https:\/\/dertheatermacher.ch\/theaterobertor\/wp-content\/uploads\/2016\/06\/DSC_0561-700x469.jpg 700w, https:\/\/dertheatermacher.ch\/theaterobertor\/wp-content\/uploads\/2016\/06\/DSC_0561-480x320.jpg 480w, https:\/\/dertheatermacher.ch\/theaterobertor\/wp-content\/uploads\/2016\/06\/DSC_0561-320x213.jpg 320w, https:\/\/dertheatermacher.ch\/theaterobertor\/wp-content\/uploads\/2016\/06\/DSC_0561-240x160.jpg 240w, https:\/\/dertheatermacher.ch\/theaterobertor\/wp-content\/uploads\/2016\/06\/DSC_0561.jpg 850w\" sizes=\"(max-width: 300px) 100vw, 300px\" \/>\u00a0<img decoding=\"async\" loading=\"lazy\" class=\"alignnone size-medium wp-image-433\" src=\"http:\/\/dertheatermacher.ch\/theaterobertor\/wp-content\/uploads\/2016\/06\/DSC_0027-300x201.jpg\" alt=\"DSC_0027\" width=\"300\" height=\"201\" srcset=\"https:\/\/dertheatermacher.ch\/theaterobertor\/wp-content\/uploads\/2016\/06\/DSC_0027-300x201.jpg 300w, https:\/\/dertheatermacher.ch\/theaterobertor\/wp-content\/uploads\/2016\/06\/DSC_0027-700x468.jpg 700w, https:\/\/dertheatermacher.ch\/theaterobertor\/wp-content\/uploads\/2016\/06\/DSC_0027-480x320.jpg 480w, https:\/\/dertheatermacher.ch\/theaterobertor\/wp-content\/uploads\/2016\/06\/DSC_0027-320x213.jpg 320w, https:\/\/dertheatermacher.ch\/theaterobertor\/wp-content\/uploads\/2016\/06\/DSC_0027-240x160.jpg 240w, https:\/\/dertheatermacher.ch\/theaterobertor\/wp-content\/uploads\/2016\/06\/DSC_0027.jpg 709w\" sizes=\"(max-width: 300px) 100vw, 300px\" \/>\u00a0<img decoding=\"async\" loading=\"lazy\" class=\"alignnone size-medium wp-image-444\" src=\"http:\/\/dertheatermacher.ch\/theaterobertor\/wp-content\/uploads\/2016\/06\/DSC_0764-300x201.jpg\" alt=\"DSC_0764\" width=\"300\" height=\"201\" srcset=\"https:\/\/dertheatermacher.ch\/theaterobertor\/wp-content\/uploads\/2016\/06\/DSC_0764-300x201.jpg 300w, https:\/\/dertheatermacher.ch\/theaterobertor\/wp-content\/uploads\/2016\/06\/DSC_0764-768x514.jpg 768w, https:\/\/dertheatermacher.ch\/theaterobertor\/wp-content\/uploads\/2016\/06\/DSC_0764-700x469.jpg 700w, https:\/\/dertheatermacher.ch\/theaterobertor\/wp-content\/uploads\/2016\/06\/DSC_0764-480x320.jpg 480w, https:\/\/dertheatermacher.ch\/theaterobertor\/wp-content\/uploads\/2016\/06\/DSC_0764-320x213.jpg 320w, https:\/\/dertheatermacher.ch\/theaterobertor\/wp-content\/uploads\/2016\/06\/DSC_0764-240x160.jpg 240w, https:\/\/dertheatermacher.ch\/theaterobertor\/wp-content\/uploads\/2016\/06\/DSC_0764.jpg 850w\" sizes=\"(max-width: 300px) 100vw, 300px\" \/>\u00a0<img decoding=\"async\" loading=\"lazy\" class=\"alignnone size-medium wp-image-439\" src=\"http:\/\/dertheatermacher.ch\/theaterobertor\/wp-content\/uploads\/2016\/06\/DSC_0408-300x201.jpg\" alt=\"DSC_0408\" width=\"300\" height=\"201\" srcset=\"https:\/\/dertheatermacher.ch\/theaterobertor\/wp-content\/uploads\/2016\/06\/DSC_0408-300x201.jpg 300w, https:\/\/dertheatermacher.ch\/theaterobertor\/wp-content\/uploads\/2016\/06\/DSC_0408-768x514.jpg 768w, https:\/\/dertheatermacher.ch\/theaterobertor\/wp-content\/uploads\/2016\/06\/DSC_0408-700x469.jpg 700w, https:\/\/dertheatermacher.ch\/theaterobertor\/wp-content\/uploads\/2016\/06\/DSC_0408-480x320.jpg 480w, https:\/\/dertheatermacher.ch\/theaterobertor\/wp-content\/uploads\/2016\/06\/DSC_0408-320x213.jpg 320w, https:\/\/dertheatermacher.ch\/theaterobertor\/wp-content\/uploads\/2016\/06\/DSC_0408-240x160.jpg 240w, https:\/\/dertheatermacher.ch\/theaterobertor\/wp-content\/uploads\/2016\/06\/DSC_0408.jpg 850w\" sizes=\"(max-width: 300px) 100vw, 300px\" \/>\u00a0<img decoding=\"async\" loading=\"lazy\" class=\"alignnone size-medium wp-image-447\" src=\"http:\/\/dertheatermacher.ch\/theaterobertor\/wp-content\/uploads\/2016\/06\/IMG_5934-300x200.jpg\" alt=\"IMG_5934\" width=\"300\" height=\"200\" srcset=\"https:\/\/dertheatermacher.ch\/theaterobertor\/wp-content\/uploads\/2016\/06\/IMG_5934-300x200.jpg 300w, https:\/\/dertheatermacher.ch\/theaterobertor\/wp-content\/uploads\/2016\/06\/IMG_5934-768x512.jpg 768w, https:\/\/dertheatermacher.ch\/theaterobertor\/wp-content\/uploads\/2016\/06\/IMG_5934-700x467.jpg 700w, https:\/\/dertheatermacher.ch\/theaterobertor\/wp-content\/uploads\/2016\/06\/IMG_5934-480x320.jpg 480w, https:\/\/dertheatermacher.ch\/theaterobertor\/wp-content\/uploads\/2016\/06\/IMG_5934-320x213.jpg 320w, https:\/\/dertheatermacher.ch\/theaterobertor\/wp-content\/uploads\/2016\/06\/IMG_5934-240x160.jpg 240w, https:\/\/dertheatermacher.ch\/theaterobertor\/wp-content\/uploads\/2016\/06\/IMG_5934.jpg 850w\" sizes=\"(max-width: 300px) 100vw, 300px\" \/>\u00a0<img decoding=\"async\" loading=\"lazy\" class=\"alignnone size-medium wp-image-442\" src=\"http:\/\/dertheatermacher.ch\/theaterobertor\/wp-content\/uploads\/2016\/06\/DSC_0544-300x201.jpg\" alt=\"DSC_0544\" width=\"300\" height=\"201\" srcset=\"https:\/\/dertheatermacher.ch\/theaterobertor\/wp-content\/uploads\/2016\/06\/DSC_0544-300x201.jpg 300w, https:\/\/dertheatermacher.ch\/theaterobertor\/wp-content\/uploads\/2016\/06\/DSC_0544-768x514.jpg 768w, https:\/\/dertheatermacher.ch\/theaterobertor\/wp-content\/uploads\/2016\/06\/DSC_0544-700x469.jpg 700w, https:\/\/dertheatermacher.ch\/theaterobertor\/wp-content\/uploads\/2016\/06\/DSC_0544-480x320.jpg 480w, https:\/\/dertheatermacher.ch\/theaterobertor\/wp-content\/uploads\/2016\/06\/DSC_0544-320x213.jpg 320w, https:\/\/dertheatermacher.ch\/theaterobertor\/wp-content\/uploads\/2016\/06\/DSC_0544-240x160.jpg 240w, https:\/\/dertheatermacher.ch\/theaterobertor\/wp-content\/uploads\/2016\/06\/DSC_0544.jpg 850w\" sizes=\"(max-width: 300px) 100vw, 300px\" \/>\u00a0<img decoding=\"async\" loading=\"lazy\" class=\"alignnone size-medium wp-image-440\" src=\"http:\/\/dertheatermacher.ch\/theaterobertor\/wp-content\/uploads\/2016\/06\/DSC_0452-300x201.jpg\" alt=\"DSC_0452\" width=\"300\" height=\"201\" srcset=\"https:\/\/dertheatermacher.ch\/theaterobertor\/wp-content\/uploads\/2016\/06\/DSC_0452-300x201.jpg 300w, https:\/\/dertheatermacher.ch\/theaterobertor\/wp-content\/uploads\/2016\/06\/DSC_0452-768x514.jpg 768w, https:\/\/dertheatermacher.ch\/theaterobertor\/wp-content\/uploads\/2016\/06\/DSC_0452-700x469.jpg 700w, https:\/\/dertheatermacher.ch\/theaterobertor\/wp-content\/uploads\/2016\/06\/DSC_0452-480x320.jpg 480w, https:\/\/dertheatermacher.ch\/theaterobertor\/wp-content\/uploads\/2016\/06\/DSC_0452-320x213.jpg 320w, https:\/\/dertheatermacher.ch\/theaterobertor\/wp-content\/uploads\/2016\/06\/DSC_0452-240x160.jpg 240w, https:\/\/dertheatermacher.ch\/theaterobertor\/wp-content\/uploads\/2016\/06\/DSC_0452.jpg 850w\" sizes=\"(max-width: 300px) 100vw, 300px\" \/>\u00a0<img decoding=\"async\" loading=\"lazy\" class=\"alignnone size-medium wp-image-436\" src=\"http:\/\/dertheatermacher.ch\/theaterobertor\/wp-content\/uploads\/2016\/06\/DSC_0236-300x201.jpg\" alt=\"DSC_0236\" width=\"300\" height=\"201\" srcset=\"https:\/\/dertheatermacher.ch\/theaterobertor\/wp-content\/uploads\/2016\/06\/DSC_0236-300x201.jpg 300w, https:\/\/dertheatermacher.ch\/theaterobertor\/wp-content\/uploads\/2016\/06\/DSC_0236-768x514.jpg 768w, https:\/\/dertheatermacher.ch\/theaterobertor\/wp-content\/uploads\/2016\/06\/DSC_0236-700x469.jpg 700w, https:\/\/dertheatermacher.ch\/theaterobertor\/wp-content\/uploads\/2016\/06\/DSC_0236-480x320.jpg 480w, https:\/\/dertheatermacher.ch\/theaterobertor\/wp-content\/uploads\/2016\/06\/DSC_0236-320x213.jpg 320w, https:\/\/dertheatermacher.ch\/theaterobertor\/wp-content\/uploads\/2016\/06\/DSC_0236-240x160.jpg 240w, https:\/\/dertheatermacher.ch\/theaterobertor\/wp-content\/uploads\/2016\/06\/DSC_0236.jpg 850w\" sizes=\"(max-width: 300px) 100vw, 300px\" \/>\u00a0<img decoding=\"async\" loading=\"lazy\" class=\"alignnone size-medium wp-image-438\" src=\"http:\/\/dertheatermacher.ch\/theaterobertor\/wp-content\/uploads\/2016\/06\/DSC_0376-300x201.jpg\" alt=\"DSC_0376\" width=\"300\" height=\"201\" srcset=\"https:\/\/dertheatermacher.ch\/theaterobertor\/wp-content\/uploads\/2016\/06\/DSC_0376-300x201.jpg 300w, https:\/\/dertheatermacher.ch\/theaterobertor\/wp-content\/uploads\/2016\/06\/DSC_0376-768x514.jpg 768w, https:\/\/dertheatermacher.ch\/theaterobertor\/wp-content\/uploads\/2016\/06\/DSC_0376-700x469.jpg 700w, https:\/\/dertheatermacher.ch\/theaterobertor\/wp-content\/uploads\/2016\/06\/DSC_0376-480x320.jpg 480w, https:\/\/dertheatermacher.ch\/theaterobertor\/wp-content\/uploads\/2016\/06\/DSC_0376-320x213.jpg 320w, https:\/\/dertheatermacher.ch\/theaterobertor\/wp-content\/uploads\/2016\/06\/DSC_0376-240x160.jpg 240w, https:\/\/dertheatermacher.ch\/theaterobertor\/wp-content\/uploads\/2016\/06\/DSC_0376.jpg 850w\" sizes=\"(max-width: 300px) 100vw, 300px\" \/>\u00a0<img decoding=\"async\" loading=\"lazy\" class=\"alignnone size-medium wp-image-437\" src=\"http:\/\/dertheatermacher.ch\/theaterobertor\/wp-content\/uploads\/2016\/06\/DSC_0248-300x201.jpg\" alt=\"DSC_0248\" width=\"300\" height=\"201\" srcset=\"https:\/\/dertheatermacher.ch\/theaterobertor\/wp-content\/uploads\/2016\/06\/DSC_0248-300x201.jpg 300w, https:\/\/dertheatermacher.ch\/theaterobertor\/wp-content\/uploads\/2016\/06\/DSC_0248-768x514.jpg 768w, https:\/\/dertheatermacher.ch\/theaterobertor\/wp-content\/uploads\/2016\/06\/DSC_0248-700x469.jpg 700w, https:\/\/dertheatermacher.ch\/theaterobertor\/wp-content\/uploads\/2016\/06\/DSC_0248-480x320.jpg 480w, https:\/\/dertheatermacher.ch\/theaterobertor\/wp-content\/uploads\/2016\/06\/DSC_0248-320x213.jpg 320w, https:\/\/dertheatermacher.ch\/theaterobertor\/wp-content\/uploads\/2016\/06\/DSC_0248-240x160.jpg 240w, https:\/\/dertheatermacher.ch\/theaterobertor\/wp-content\/uploads\/2016\/06\/DSC_0248.jpg 850w\" sizes=\"(max-width: 300px) 100vw, 300px\" \/>\u00a0<img decoding=\"async\" loading=\"lazy\" class=\"alignnone size-medium wp-image-434\" src=\"http:\/\/dertheatermacher.ch\/theaterobertor\/wp-content\/uploads\/2016\/06\/DSC_0029-300x201.jpg\" alt=\"DSC_0029\" width=\"300\" height=\"201\" srcset=\"https:\/\/dertheatermacher.ch\/theaterobertor\/wp-content\/uploads\/2016\/06\/DSC_0029-300x201.jpg 300w, https:\/\/dertheatermacher.ch\/theaterobertor\/wp-content\/uploads\/2016\/06\/DSC_0029-768x514.jpg 768w, https:\/\/dertheatermacher.ch\/theaterobertor\/wp-content\/uploads\/2016\/06\/DSC_0029-700x469.jpg 700w, https:\/\/dertheatermacher.ch\/theaterobertor\/wp-content\/uploads\/2016\/06\/DSC_0029-480x320.jpg 480w, https:\/\/dertheatermacher.ch\/theaterobertor\/wp-content\/uploads\/2016\/06\/DSC_0029-320x213.jpg 320w, https:\/\/dertheatermacher.ch\/theaterobertor\/wp-content\/uploads\/2016\/06\/DSC_0029-240x160.jpg 240w, https:\/\/dertheatermacher.ch\/theaterobertor\/wp-content\/uploads\/2016\/06\/DSC_0029.jpg 850w\" sizes=\"(max-width: 300px) 100vw, 300px\" \/>\u00a0<img decoding=\"async\" loading=\"lazy\" class=\"alignnone size-medium wp-image-441\" src=\"http:\/\/dertheatermacher.ch\/theaterobertor\/wp-content\/uploads\/2016\/06\/DSC_0527-300x201.jpg\" alt=\"DSC_0527\" width=\"300\" height=\"201\" srcset=\"https:\/\/dertheatermacher.ch\/theaterobertor\/wp-content\/uploads\/2016\/06\/DSC_0527-300x201.jpg 300w, https:\/\/dertheatermacher.ch\/theaterobertor\/wp-content\/uploads\/2016\/06\/DSC_0527-768x514.jpg 768w, https:\/\/dertheatermacher.ch\/theaterobertor\/wp-content\/uploads\/2016\/06\/DSC_0527-700x469.jpg 700w, https:\/\/dertheatermacher.ch\/theaterobertor\/wp-content\/uploads\/2016\/06\/DSC_0527-480x320.jpg 480w, https:\/\/dertheatermacher.ch\/theaterobertor\/wp-content\/uploads\/2016\/06\/DSC_0527-320x213.jpg 320w, https:\/\/dertheatermacher.ch\/theaterobertor\/wp-content\/uploads\/2016\/06\/DSC_0527-240x160.jpg 240w, https:\/\/dertheatermacher.ch\/theaterobertor\/wp-content\/uploads\/2016\/06\/DSC_0527.jpg 850w\" sizes=\"(max-width: 300px) 100vw, 300px\" \/>\u00a0<img decoding=\"async\" loading=\"lazy\" class=\"alignnone size-medium wp-image-446\" src=\"http:\/\/dertheatermacher.ch\/theaterobertor\/wp-content\/uploads\/2016\/06\/IMG_5799-300x200.jpg\" alt=\"IMG_5799\" width=\"300\" height=\"200\" srcset=\"https:\/\/dertheatermacher.ch\/theaterobertor\/wp-content\/uploads\/2016\/06\/IMG_5799-300x200.jpg 300w, https:\/\/dertheatermacher.ch\/theaterobertor\/wp-content\/uploads\/2016\/06\/IMG_5799-768x512.jpg 768w, https:\/\/dertheatermacher.ch\/theaterobertor\/wp-content\/uploads\/2016\/06\/IMG_5799-700x467.jpg 700w, https:\/\/dertheatermacher.ch\/theaterobertor\/wp-content\/uploads\/2016\/06\/IMG_5799-480x320.jpg 480w, https:\/\/dertheatermacher.ch\/theaterobertor\/wp-content\/uploads\/2016\/06\/IMG_5799-320x213.jpg 320w, https:\/\/dertheatermacher.ch\/theaterobertor\/wp-content\/uploads\/2016\/06\/IMG_5799-240x160.jpg 240w, https:\/\/dertheatermacher.ch\/theaterobertor\/wp-content\/uploads\/2016\/06\/IMG_5799.jpg 850w\" sizes=\"(max-width: 300px) 100vw, 300px\" \/>\u00a0<img decoding=\"async\" loading=\"lazy\" class=\"alignnone size-medium wp-image-448\" src=\"http:\/\/dertheatermacher.ch\/theaterobertor\/wp-content\/uploads\/2016\/06\/DSC_0724-300x201.jpg\" alt=\"DSC_0724\" width=\"300\" height=\"201\" srcset=\"https:\/\/dertheatermacher.ch\/theaterobertor\/wp-content\/uploads\/2016\/06\/DSC_0724-300x201.jpg 300w, https:\/\/dertheatermacher.ch\/theaterobertor\/wp-content\/uploads\/2016\/06\/DSC_0724-768x514.jpg 768w, https:\/\/dertheatermacher.ch\/theaterobertor\/wp-content\/uploads\/2016\/06\/DSC_0724-700x469.jpg 700w, https:\/\/dertheatermacher.ch\/theaterobertor\/wp-content\/uploads\/2016\/06\/DSC_0724-480x320.jpg 480w, https:\/\/dertheatermacher.ch\/theaterobertor\/wp-content\/uploads\/2016\/06\/DSC_0724-320x213.jpg 320w, https:\/\/dertheatermacher.ch\/theaterobertor\/wp-content\/uploads\/2016\/06\/DSC_0724-240x160.jpg 240w, https:\/\/dertheatermacher.ch\/theaterobertor\/wp-content\/uploads\/2016\/06\/DSC_0724.jpg 850w\" sizes=\"(max-width: 300px) 100vw, 300px\" \/><\/p>\n","protected":false},"excerpt":{"rendered":"<p>Eigentlich sollte der Verk\u00e4ufer Weinberg den Kolonialwarenladen seines knorrigen Chefs Zangler h\u00fcten, denn der will seine Verlobte in der grossen Stadt besuchen. Und eigentlich sollte Zanglers M\u00fcndel Marie zu einer altj\u00fcngferlichen Tante reisen, damit sie ihren Geliebten Sonders nicht mehr treffen kann. Doch der Verk\u00e4ufer Weinberg will jetzt endlich einmal aus seinem langweiligen Verk\u00e4uferdasein ausbrechen. [&#8230;]<\/p>\n<p><a class=\"btn btn-secondary understrap-read-more-link\" href=\"https:\/\/dertheatermacher.ch\/theaterobertor\/2011-einen-jux-will-er-sich-machen\/\">Weiterlesen\u00a0\u2026<span class=\"screen-reader-text\"> from 2011: \u00abEinen Jux will er sich machen\u00bb von Johann Nepomuk Nestroy<\/span><\/a><\/p>\n","protected":false},"author":1,"featured_media":0,"parent":0,"menu_order":27,"comment_status":"closed","ping_status":"closed","template":"","meta":[],"_links":{"self":[{"href":"https:\/\/dertheatermacher.ch\/theaterobertor\/wp-json\/wp\/v2\/pages\/35"}],"collection":[{"href":"https:\/\/dertheatermacher.ch\/theaterobertor\/wp-json\/wp\/v2\/pages"}],"about":[{"href":"https:\/\/dertheatermacher.ch\/theaterobertor\/wp-json\/wp\/v2\/types\/page"}],"author":[{"embeddable":true,"href":"https:\/\/dertheatermacher.ch\/theaterobertor\/wp-json\/wp\/v2\/users\/1"}],"replies":[{"embeddable":true,"href":"https:\/\/dertheatermacher.ch\/theaterobertor\/wp-json\/wp\/v2\/comments?post=35"}],"version-history":[{"count":4,"href":"https:\/\/dertheatermacher.ch\/theaterobertor\/wp-json\/wp\/v2\/pages\/35\/revisions"}],"predecessor-version":[{"id":449,"href":"https:\/\/dertheatermacher.ch\/theaterobertor\/wp-json\/wp\/v2\/pages\/35\/revisions\/449"}],"wp:attachment":[{"href":"https:\/\/dertheatermacher.ch\/theaterobertor\/wp-json\/wp\/v2\/media?parent=35"}],"curies":[{"name":"wp","href":"https:\/\/api.w.org\/{rel}","templated":true}]}}