{"id":1233,"date":"2019-03-27T08:31:09","date_gmt":"2019-03-27T07:31:09","guid":{"rendered":"http:\/\/dertheatermacher.ch\/theaterobertor\/?page_id=1233"},"modified":"2026-01-06T09:02:29","modified_gmt":"2026-01-06T08:02:29","slug":"zurueck-zur-natur-von-j-m-barrie","status":"publish","type":"page","link":"http:\/\/dertheatermacher.ch\/theaterobertor\/zurueck-zur-natur-von-j-m-barrie\/","title":{"rendered":"2019: \u00abZur\u00fcck zur Natur\u00bb von J. M. Barrie"},"content":{"rendered":"<p>Bestimmt unser Sein unser Bewusstsein, wie Karl Marx fand? Pr\u00e4gen also unsere Lebensumst\u00e4nde unser Denken? Oder ist es, frei nach Hegel, genau umgekehrt \u2013 machen wir uns die Welt so, wie wir sie uns denken? Der Streit der Philosophen ist wohl nicht zu entscheiden.<\/p>\n<p>F\u00fcr Crichton, den Butler des Earl of Loam und dessen Familie, ist aber klar: Jeder muss auf dieser Welt den Platz einnehmen, den ihm die Umst\u00e4nde zubilligen. Darum ist er in London eben einfach ein Butler. Doch andere Umst\u00e4nde ver\u00e4ndern das bew\u00e4hrte Gef\u00fcge \u2013 und die Rollen werden neu verteilt.<\/p>\n<p>Mit \u00abZur\u00fcck zur Natur\u00bb gelang <strong>James Matthew Barrie<\/strong> \u2013\u00a0kurz J. M. Barrie \u2013 ein Theaterjuwel. Das es fast unbekannt geblieben ist, erstaunt, denn es ist unterhaltsam, tiefgr\u00fcndig, voller Schmiss und hinreissenden Dialogen. In der 1902 uraufgef\u00fchrten Kom\u00f6die thematisiert der britische Peter-Pan-Sch\u00f6pfer zudem das Theater des Lebens selbst: Welche Rolle wir bekommen, h\u00e4ngt von schicksalhaften Umst\u00e4nden ab.<\/p>\n<p>Wir haben diese Haltung f\u00fcr die Rollenverteilung \u00fcbernommen: Erstmals in der 15-j\u00e4hrigen Geschichte des Theaterensembles Obertor wurden die Rollen verlost, ungeachtet von Geschlecht, Alter, scheinbarer Eignung. Wundern Sie sich also nicht, wenn M\u00e4nner Frauen spielen und Junge Alte. Schicksal!<\/p>\n<p>Und echtes Theater. Wir gehen ja gern auf die B\u00fchne, weil wir mehr \u00fcber uns erfahren wollen \u2013 indem wir nicht-allt\u00e4gliche Facetten von uns spielen. Einfach eine Rolle zu erhalten, allez hopp, ist eine wunderbare Theatererfahrung.<\/p>\n<p>&nbsp;<\/p>\n<h5><strong>Aufgef\u00fchrt vom 12. bis 29. September 2019 im Theater Winterthur-Seen<\/strong><\/h5>\n<p>&nbsp;<\/p>\n<div id='gallery-1' class='gallery galleryid-1233 gallery-columns-3 gallery-size-thumbnail'><figure class='gallery-item'>\n\t\t\t<div class='gallery-icon landscape'>\n\t\t\t\t<a href='http:\/\/dertheatermacher.ch\/theaterobertor\/zurueck-zur-natur-von-j-m-barrie\/_dsc9387\/'><img width=\"150\" height=\"150\" src=\"http:\/\/dertheatermacher.ch\/theaterobertor\/wp-content\/uploads\/2019\/03\/DSC9387-150x150.jpg\" class=\"attachment-thumbnail size-thumbnail\" alt=\"\" decoding=\"async\" loading=\"lazy\" srcset=\"http:\/\/dertheatermacher.ch\/theaterobertor\/wp-content\/uploads\/2019\/03\/DSC9387-150x150.jpg 150w, http:\/\/dertheatermacher.ch\/theaterobertor\/wp-content\/uploads\/2019\/03\/DSC9387-960x960.jpg 960w, http:\/\/dertheatermacher.ch\/theaterobertor\/wp-content\/uploads\/2019\/03\/DSC9387-480x480.jpg 480w, http:\/\/dertheatermacher.ch\/theaterobertor\/wp-content\/uploads\/2019\/03\/DSC9387-320x320.jpg 320w, http:\/\/dertheatermacher.ch\/theaterobertor\/wp-content\/uploads\/2019\/03\/DSC9387-240x240.jpg 240w\" sizes=\"(max-width: 150px) 100vw, 150px\" \/><\/a>\n\t\t\t<\/div><\/figure><figure class='gallery-item'>\n\t\t\t<div class='gallery-icon landscape'>\n\t\t\t\t<a href='http:\/\/dertheatermacher.ch\/theaterobertor\/zurueck-zur-natur-von-j-m-barrie\/dsc_3162\/'><img width=\"150\" height=\"150\" src=\"http:\/\/dertheatermacher.ch\/theaterobertor\/wp-content\/uploads\/2019\/03\/DSC_3162-150x150.jpg\" class=\"attachment-thumbnail size-thumbnail\" alt=\"\" decoding=\"async\" loading=\"lazy\" srcset=\"http:\/\/dertheatermacher.ch\/theaterobertor\/wp-content\/uploads\/2019\/03\/DSC_3162-150x150.jpg 150w, http:\/\/dertheatermacher.ch\/theaterobertor\/wp-content\/uploads\/2019\/03\/DSC_3162-960x960.jpg 960w, http:\/\/dertheatermacher.ch\/theaterobertor\/wp-content\/uploads\/2019\/03\/DSC_3162-480x480.jpg 480w, http:\/\/dertheatermacher.ch\/theaterobertor\/wp-content\/uploads\/2019\/03\/DSC_3162-320x320.jpg 320w, http:\/\/dertheatermacher.ch\/theaterobertor\/wp-content\/uploads\/2019\/03\/DSC_3162-240x240.jpg 240w\" sizes=\"(max-width: 150px) 100vw, 150px\" \/><\/a>\n\t\t\t<\/div><\/figure><figure class='gallery-item'>\n\t\t\t<div class='gallery-icon landscape'>\n\t\t\t\t<a href='http:\/\/dertheatermacher.ch\/theaterobertor\/zurueck-zur-natur-von-j-m-barrie\/dsc_3533\/'><img width=\"150\" height=\"150\" src=\"http:\/\/dertheatermacher.ch\/theaterobertor\/wp-content\/uploads\/2019\/03\/DSC_3533-150x150.jpg\" class=\"attachment-thumbnail size-thumbnail\" alt=\"\" decoding=\"async\" loading=\"lazy\" srcset=\"http:\/\/dertheatermacher.ch\/theaterobertor\/wp-content\/uploads\/2019\/03\/DSC_3533-150x150.jpg 150w, http:\/\/dertheatermacher.ch\/theaterobertor\/wp-content\/uploads\/2019\/03\/DSC_3533-960x960.jpg 960w, http:\/\/dertheatermacher.ch\/theaterobertor\/wp-content\/uploads\/2019\/03\/DSC_3533-480x480.jpg 480w, http:\/\/dertheatermacher.ch\/theaterobertor\/wp-content\/uploads\/2019\/03\/DSC_3533-320x320.jpg 320w, http:\/\/dertheatermacher.ch\/theaterobertor\/wp-content\/uploads\/2019\/03\/DSC_3533-240x240.jpg 240w\" sizes=\"(max-width: 150px) 100vw, 150px\" \/><\/a>\n\t\t\t<\/div><\/figure><figure class='gallery-item'>\n\t\t\t<div class='gallery-icon landscape'>\n\t\t\t\t<a href='http:\/\/dertheatermacher.ch\/theaterobertor\/zurueck-zur-natur-von-j-m-barrie\/dsc_3904\/'><img width=\"150\" height=\"150\" src=\"http:\/\/dertheatermacher.ch\/theaterobertor\/wp-content\/uploads\/2019\/03\/DSC_3904-150x150.jpg\" class=\"attachment-thumbnail size-thumbnail\" alt=\"\" decoding=\"async\" loading=\"lazy\" srcset=\"http:\/\/dertheatermacher.ch\/theaterobertor\/wp-content\/uploads\/2019\/03\/DSC_3904-150x150.jpg 150w, http:\/\/dertheatermacher.ch\/theaterobertor\/wp-content\/uploads\/2019\/03\/DSC_3904-960x960.jpg 960w, http:\/\/dertheatermacher.ch\/theaterobertor\/wp-content\/uploads\/2019\/03\/DSC_3904-480x480.jpg 480w, http:\/\/dertheatermacher.ch\/theaterobertor\/wp-content\/uploads\/2019\/03\/DSC_3904-320x320.jpg 320w, http:\/\/dertheatermacher.ch\/theaterobertor\/wp-content\/uploads\/2019\/03\/DSC_3904-240x240.jpg 240w\" sizes=\"(max-width: 150px) 100vw, 150px\" \/><\/a>\n\t\t\t<\/div><\/figure><figure class='gallery-item'>\n\t\t\t<div class='gallery-icon landscape'>\n\t\t\t\t<a href='http:\/\/dertheatermacher.ch\/theaterobertor\/zurueck-zur-natur-von-j-m-barrie\/dsc_3940\/'><img width=\"150\" height=\"150\" src=\"http:\/\/dertheatermacher.ch\/theaterobertor\/wp-content\/uploads\/2019\/03\/DSC_3940-150x150.jpg\" class=\"attachment-thumbnail size-thumbnail\" alt=\"\" decoding=\"async\" loading=\"lazy\" srcset=\"http:\/\/dertheatermacher.ch\/theaterobertor\/wp-content\/uploads\/2019\/03\/DSC_3940-150x150.jpg 150w, http:\/\/dertheatermacher.ch\/theaterobertor\/wp-content\/uploads\/2019\/03\/DSC_3940-960x960.jpg 960w, http:\/\/dertheatermacher.ch\/theaterobertor\/wp-content\/uploads\/2019\/03\/DSC_3940-480x480.jpg 480w, http:\/\/dertheatermacher.ch\/theaterobertor\/wp-content\/uploads\/2019\/03\/DSC_3940-320x320.jpg 320w, http:\/\/dertheatermacher.ch\/theaterobertor\/wp-content\/uploads\/2019\/03\/DSC_3940-240x240.jpg 240w\" sizes=\"(max-width: 150px) 100vw, 150px\" \/><\/a>\n\t\t\t<\/div><\/figure><figure class='gallery-item'>\n\t\t\t<div class='gallery-icon landscape'>\n\t\t\t\t<a href='http:\/\/dertheatermacher.ch\/theaterobertor\/zurueck-zur-natur-von-j-m-barrie\/img_6033\/'><img width=\"150\" height=\"150\" src=\"http:\/\/dertheatermacher.ch\/theaterobertor\/wp-content\/uploads\/2019\/03\/IMG_6033-150x150.jpg\" class=\"attachment-thumbnail size-thumbnail\" alt=\"\" decoding=\"async\" loading=\"lazy\" srcset=\"http:\/\/dertheatermacher.ch\/theaterobertor\/wp-content\/uploads\/2019\/03\/IMG_6033-150x150.jpg 150w, http:\/\/dertheatermacher.ch\/theaterobertor\/wp-content\/uploads\/2019\/03\/IMG_6033-960x960.jpg 960w, http:\/\/dertheatermacher.ch\/theaterobertor\/wp-content\/uploads\/2019\/03\/IMG_6033-480x480.jpg 480w, http:\/\/dertheatermacher.ch\/theaterobertor\/wp-content\/uploads\/2019\/03\/IMG_6033-320x320.jpg 320w, http:\/\/dertheatermacher.ch\/theaterobertor\/wp-content\/uploads\/2019\/03\/IMG_6033-240x240.jpg 240w\" sizes=\"(max-width: 150px) 100vw, 150px\" \/><\/a>\n\t\t\t<\/div><\/figure><figure class='gallery-item'>\n\t\t\t<div class='gallery-icon landscape'>\n\t\t\t\t<a href='http:\/\/dertheatermacher.ch\/theaterobertor\/zurueck-zur-natur-von-j-m-barrie\/img_6298\/'><img width=\"150\" height=\"150\" src=\"http:\/\/dertheatermacher.ch\/theaterobertor\/wp-content\/uploads\/2019\/03\/IMG_6298-150x150.jpg\" class=\"attachment-thumbnail size-thumbnail\" alt=\"\" decoding=\"async\" loading=\"lazy\" srcset=\"http:\/\/dertheatermacher.ch\/theaterobertor\/wp-content\/uploads\/2019\/03\/IMG_6298-150x150.jpg 150w, http:\/\/dertheatermacher.ch\/theaterobertor\/wp-content\/uploads\/2019\/03\/IMG_6298-960x960.jpg 960w, http:\/\/dertheatermacher.ch\/theaterobertor\/wp-content\/uploads\/2019\/03\/IMG_6298-480x480.jpg 480w, http:\/\/dertheatermacher.ch\/theaterobertor\/wp-content\/uploads\/2019\/03\/IMG_6298-320x320.jpg 320w, http:\/\/dertheatermacher.ch\/theaterobertor\/wp-content\/uploads\/2019\/03\/IMG_6298-240x240.jpg 240w\" sizes=\"(max-width: 150px) 100vw, 150px\" \/><\/a>\n\t\t\t<\/div><\/figure><figure class='gallery-item'>\n\t\t\t<div class='gallery-icon landscape'>\n\t\t\t\t<a href='http:\/\/dertheatermacher.ch\/theaterobertor\/zurueck-zur-natur-von-j-m-barrie\/img_6510\/'><img width=\"150\" height=\"150\" src=\"http:\/\/dertheatermacher.ch\/theaterobertor\/wp-content\/uploads\/2019\/03\/IMG_6510-150x150.jpg\" class=\"attachment-thumbnail size-thumbnail\" alt=\"\" decoding=\"async\" loading=\"lazy\" srcset=\"http:\/\/dertheatermacher.ch\/theaterobertor\/wp-content\/uploads\/2019\/03\/IMG_6510-150x150.jpg 150w, http:\/\/dertheatermacher.ch\/theaterobertor\/wp-content\/uploads\/2019\/03\/IMG_6510-960x960.jpg 960w, http:\/\/dertheatermacher.ch\/theaterobertor\/wp-content\/uploads\/2019\/03\/IMG_6510-480x480.jpg 480w, http:\/\/dertheatermacher.ch\/theaterobertor\/wp-content\/uploads\/2019\/03\/IMG_6510-320x320.jpg 320w, http:\/\/dertheatermacher.ch\/theaterobertor\/wp-content\/uploads\/2019\/03\/IMG_6510-240x240.jpg 240w\" sizes=\"(max-width: 150px) 100vw, 150px\" \/><\/a>\n\t\t\t<\/div><\/figure><figure class='gallery-item'>\n\t\t\t<div class='gallery-icon landscape'>\n\t\t\t\t<a href='http:\/\/dertheatermacher.ch\/theaterobertor\/zurueck-zur-natur-von-j-m-barrie\/dsc_3835\/'><img width=\"150\" height=\"150\" src=\"http:\/\/dertheatermacher.ch\/theaterobertor\/wp-content\/uploads\/2019\/03\/DSC_3835-150x150.jpg\" class=\"attachment-thumbnail size-thumbnail\" alt=\"\" decoding=\"async\" loading=\"lazy\" srcset=\"http:\/\/dertheatermacher.ch\/theaterobertor\/wp-content\/uploads\/2019\/03\/DSC_3835-150x150.jpg 150w, http:\/\/dertheatermacher.ch\/theaterobertor\/wp-content\/uploads\/2019\/03\/DSC_3835-960x960.jpg 960w, http:\/\/dertheatermacher.ch\/theaterobertor\/wp-content\/uploads\/2019\/03\/DSC_3835-480x480.jpg 480w, http:\/\/dertheatermacher.ch\/theaterobertor\/wp-content\/uploads\/2019\/03\/DSC_3835-320x320.jpg 320w, http:\/\/dertheatermacher.ch\/theaterobertor\/wp-content\/uploads\/2019\/03\/DSC_3835-240x240.jpg 240w\" sizes=\"(max-width: 150px) 100vw, 150px\" \/><\/a>\n\t\t\t<\/div><\/figure><figure class='gallery-item'>\n\t\t\t<div class='gallery-icon landscape'>\n\t\t\t\t<a href='http:\/\/dertheatermacher.ch\/theaterobertor\/zurueck-zur-natur-von-j-m-barrie\/dsc_3334\/'><img width=\"150\" height=\"150\" src=\"http:\/\/dertheatermacher.ch\/theaterobertor\/wp-content\/uploads\/2019\/03\/DSC_3334-150x150.jpg\" class=\"attachment-thumbnail size-thumbnail\" alt=\"\" decoding=\"async\" loading=\"lazy\" srcset=\"http:\/\/dertheatermacher.ch\/theaterobertor\/wp-content\/uploads\/2019\/03\/DSC_3334-150x150.jpg 150w, http:\/\/dertheatermacher.ch\/theaterobertor\/wp-content\/uploads\/2019\/03\/DSC_3334-960x960.jpg 960w, http:\/\/dertheatermacher.ch\/theaterobertor\/wp-content\/uploads\/2019\/03\/DSC_3334-480x480.jpg 480w, http:\/\/dertheatermacher.ch\/theaterobertor\/wp-content\/uploads\/2019\/03\/DSC_3334-320x320.jpg 320w, http:\/\/dertheatermacher.ch\/theaterobertor\/wp-content\/uploads\/2019\/03\/DSC_3334-240x240.jpg 240w\" sizes=\"(max-width: 150px) 100vw, 150px\" \/><\/a>\n\t\t\t<\/div><\/figure><figure class='gallery-item'>\n\t\t\t<div class='gallery-icon landscape'>\n\t\t\t\t<a href='http:\/\/dertheatermacher.ch\/theaterobertor\/zurueck-zur-natur-von-j-m-barrie\/medienbild-2\/'><img width=\"150\" height=\"150\" src=\"http:\/\/dertheatermacher.ch\/theaterobertor\/wp-content\/uploads\/2019\/03\/Medienbild-150x150.jpg\" class=\"attachment-thumbnail size-thumbnail\" alt=\"\" decoding=\"async\" loading=\"lazy\" srcset=\"http:\/\/dertheatermacher.ch\/theaterobertor\/wp-content\/uploads\/2019\/03\/Medienbild-150x150.jpg 150w, http:\/\/dertheatermacher.ch\/theaterobertor\/wp-content\/uploads\/2019\/03\/Medienbild-960x960.jpg 960w, http:\/\/dertheatermacher.ch\/theaterobertor\/wp-content\/uploads\/2019\/03\/Medienbild-480x480.jpg 480w, http:\/\/dertheatermacher.ch\/theaterobertor\/wp-content\/uploads\/2019\/03\/Medienbild-320x320.jpg 320w, http:\/\/dertheatermacher.ch\/theaterobertor\/wp-content\/uploads\/2019\/03\/Medienbild-240x240.jpg 240w\" sizes=\"(max-width: 150px) 100vw, 150px\" \/><\/a>\n\t\t\t<\/div><\/figure>\n\t\t<\/div>\n\n<p>&nbsp;<\/p>\n<p>&nbsp;<\/p>\n<p>&nbsp;<\/p>\n","protected":false},"excerpt":{"rendered":"<p>Bestimmt unser Sein unser Bewusstsein, wie Karl Marx fand? Pr\u00e4gen also unsere Lebensumst\u00e4nde unser Denken? Oder ist es, frei nach Hegel, genau umgekehrt \u2013 machen wir uns die Welt so, wie wir sie uns denken? Der Streit der Philosophen ist wohl nicht zu entscheiden. F\u00fcr Crichton, den Butler des Earl of Loam und dessen Familie, [&#8230;]<\/p>\n<p><a class=\"btn btn-secondary understrap-read-more-link\" href=\"http:\/\/dertheatermacher.ch\/theaterobertor\/zurueck-zur-natur-von-j-m-barrie\/\">Weiterlesen\u00a0\u2026<span class=\"screen-reader-text\"> from 2019: \u00abZur\u00fcck zur Natur\u00bb von J. M. Barrie<\/span><\/a><\/p>\n","protected":false},"author":2,"featured_media":0,"parent":0,"menu_order":14,"comment_status":"closed","ping_status":"closed","template":"","meta":[],"_links":{"self":[{"href":"http:\/\/dertheatermacher.ch\/theaterobertor\/wp-json\/wp\/v2\/pages\/1233"}],"collection":[{"href":"http:\/\/dertheatermacher.ch\/theaterobertor\/wp-json\/wp\/v2\/pages"}],"about":[{"href":"http:\/\/dertheatermacher.ch\/theaterobertor\/wp-json\/wp\/v2\/types\/page"}],"author":[{"embeddable":true,"href":"http:\/\/dertheatermacher.ch\/theaterobertor\/wp-json\/wp\/v2\/users\/2"}],"replies":[{"embeddable":true,"href":"http:\/\/dertheatermacher.ch\/theaterobertor\/wp-json\/wp\/v2\/comments?post=1233"}],"version-history":[{"count":14,"href":"http:\/\/dertheatermacher.ch\/theaterobertor\/wp-json\/wp\/v2\/pages\/1233\/revisions"}],"predecessor-version":[{"id":2486,"href":"http:\/\/dertheatermacher.ch\/theaterobertor\/wp-json\/wp\/v2\/pages\/1233\/revisions\/2486"}],"wp:attachment":[{"href":"http:\/\/dertheatermacher.ch\/theaterobertor\/wp-json\/wp\/v2\/media?parent=1233"}],"curies":[{"name":"wp","href":"https:\/\/api.w.org\/{rel}","templated":true}]}}