{"id":19,"date":"2008-06-12T14:09:57","date_gmt":"2008-06-12T12:09:57","guid":{"rendered":"http:\/\/dertheatermacher.ch\/fraz\/?page_id=19"},"modified":"2016-12-09T18:14:49","modified_gmt":"2016-12-09T17:14:49","slug":"klick-2004","status":"publish","type":"page","link":"http:\/\/dertheatermacher.ch\/theaterobertor\/fraz\/bisherige-produktionen\/klick-2004\/","title":{"rendered":"Klick! (2004)"},"content":{"rendered":"<p>von Marius Leutenegger (Text) und Christoph Frei (Musik)<\/p>\n<p>27. und 28 August sowie 2., 4 und 10. September 2004, Hallenbau Promenadengasse, Z\u00fcrich<br \/>\n1. November 2004, Adliswil<\/p>\n<p><strong>Darstellende<\/strong><\/p>\n<p>Christina Hwang, Mireille Jaton, Ursula Mezger, Linda Schopper, Nicole Volkart, Adrian Etter, Christoph Frei, Kaspar Hensel, Marius Leutenegger, Bernhard Rubin.<\/p>\n<p><strong>Team<\/strong><\/p>\n<p>Regie: Marius Leutenegger<br \/>\nMusik: Christoph Frei<br \/>\nKost\u00fcme: Linda Schopper<br \/>\nTechnik: Bernhard Rubin<\/p>\n<p>Brief an unser Publikum<\/p>\n<p>Einst war Frieden auf Erden. Niemand sagte: Du verstehst mich nicht. Und keiner antwortete: Danke, gleichfalls. Es war eine Zeit ohne m\u00e4nnliche Angeberei und ohne weibliche Vorliebe f\u00fcr Shopping. Es gab n\u00e4mlich weder Frau noch Mann \u2013 und darum auch keinen Geschlechterkampf, keine Untreue, nicht einmal diese verstohlenen Blicke hinter jedem daherrauschenden Minirock. Es war eine herrliche Zeit. Naja, es geht, denn die meisten Lebewesen sahen damals so aus:<\/p>\n<p>Weil sich solches Getier ungeschlechtlich fortpflanzte, sich also sozusagen st\u00e4ndig selber klonte, entwickelte es sich nur sehr langsam und, wir wollen das hier einmal festhalten, kaum zu seinem Besseren. \u00abDas kann ich doch viel knackiger\u00bb, sagte sich da die Natur. Und sie erfand die Sexualit\u00e4t. Die ersten Resultate der modernen zweigeschlechtlichen Fortpflanzung waren tats\u00e4chlich aufsehenerregend:<\/p>\n<p>Leider erwies sich die neue Bio-Technologie aber nicht nur<br \/>\nals Segen. Sexualit\u00e4t bedeutete auch, dass eine Art in 2 Geschlechter geteilt wurde, die nicht nur unterschiedlich ausgestattet waren, sondern aufgrund ihrer Verschiedenartigkeit auch unterschiedliches Verhalten an den Tag legten. Damit war die Grundlage f\u00fcr das gr\u00f6sste Drama der Geschichte gelegt: Das Drama, das es ohne einander nicht geht, man miteinander aber auch nicht klar kommt. \u00abWas f\u00fcr ein toller Theaterstoff!\u00bb sagten wir uns. \u00abDamit m\u00fcssen wir unbedingt etwas machen!\u00bb Gute Idee, wenn auch nicht ganz neu, wie wir feststellen mussten; andere waren uns zuvor gekommen und hatten das Thema Liebe bereits auf die B\u00fchne gebracht. Das war nat\u00fcrlich ein grosser \u00c4rger f\u00fcr uns, aber so schnell gaben wir nicht auf \u2013 und fanden schliesslich einen praktisch neuen Ansatz, die Liebe zu behandeln: als Doku-Revue.<\/p>\n<p>Sie wissen nicht, was eine Doku-Revue ist? Kurz gesagt: Wir versuchen, wissenschaftliche Erkenntnisse und Theorien zu den Themen Nummer eins und zwei \u2013 Sex und Liebe bzw. umgekehrt \u2013 auf die B\u00fchne zu bringen und dazu zu singen. Klingt ganz einfach, ist aber total schwer. Denn je tiefer wir in die Materie eintauchten, umso mehr Schwierigkeiten bekamen wir mit unseren Partnerinnen und Partnern. Pl\u00f6tzlich begriffen wir n\u00e4mlich, welche Absichten hinter ihren Handlungen standen. Und es waren nicht immer die besten, das k\u00f6nnen wir Ihnen sagen. Nun verstanden wir, warum sie immer die Beine \u00fcbereinander schlagen, nachdem wir das gerade selber getan haben. Oder warum sie sich parf\u00fcmieren. Weshalb sie uns beim ersten Treffen immer so eigenartig angel\u00e4chelt haben. Und so weiter. Kurz: Der durch \u00abKlick!\u00bb gewonnene Wissensvorsprung f\u00fchrte zu Spannungen, Tr\u00e4nen und ungl\u00fccklich aufgekl\u00e4rten Missverst\u00e4ndnissen. Das ist der Preis, den Spielverderber daf\u00fcr zahlen, wenn sie die Tricks der Natur durchschauen wollen.<\/p>\n<p>Wenn Sie eine harmonische Partnerschaft f\u00fchren und das so bleiben soll, m\u00fcssten wir Ihnen deshalb von einem Theaterbesuch abraten \u2013 w\u00e4ren da nicht die vielen wundersch\u00f6nen Lieder, die wir Ihnen als Trostpreis f\u00fcr die bestenfalls gut gemeinte Aufkl\u00e4rung anbieten k\u00f6nnen. Sicher sahen Sie noch nie Spermien auf der B\u00fchne einen Blues anstimmen. Oder Sexuallockstoffe ein Duett tr\u00e4llern. Dass Sie endlich einmal all die kleinen Freunde, die Ihr Leben mehr pr\u00e4gen, als Ihnen lieb sein d\u00fcrfte, pers\u00f6nlich kennen lernen k\u00f6nnen \u2013 das wird Sie f\u00fcr manchen \u00c4rger, den Ihnen dieses St\u00fcck einbrockt, entsch\u00e4digen.<\/p>\n<p>Hoffentlich.<\/p>\n<p><a href=\"http:\/\/dertheatermacher.ch\/theaterobertor\/fraz\/wp-content\/uploads\/sites\/4\/2008\/06\/12Szene11.jpg\"><img decoding=\"async\" loading=\"lazy\" class=\"alignleft size-medium wp-image-189\" src=\"http:\/\/dertheatermacher.ch\/theaterobertor\/fraz\/wp-content\/uploads\/sites\/4\/2008\/06\/12Szene11-300x193.jpg\" alt=\"12Szene11\" width=\"300\" height=\"193\" srcset=\"http:\/\/dertheatermacher.ch\/theaterobertor\/fraz\/wp-content\/uploads\/sites\/4\/2008\/06\/12Szene11-300x193.jpg 300w, http:\/\/dertheatermacher.ch\/theaterobertor\/fraz\/wp-content\/uploads\/sites\/4\/2008\/06\/12Szene11-768x495.jpg 768w, http:\/\/dertheatermacher.ch\/theaterobertor\/fraz\/wp-content\/uploads\/sites\/4\/2008\/06\/12Szene11-700x451.jpg 700w, http:\/\/dertheatermacher.ch\/theaterobertor\/fraz\/wp-content\/uploads\/sites\/4\/2008\/06\/12Szene11-800x515.jpg 800w, http:\/\/dertheatermacher.ch\/theaterobertor\/fraz\/wp-content\/uploads\/sites\/4\/2008\/06\/12Szene11.jpg 888w\" sizes=\"(max-width: 300px) 100vw, 300px\" \/><\/a> <a href=\"http:\/\/dertheatermacher.ch\/theaterobertor\/fraz\/wp-content\/uploads\/sites\/4\/2008\/06\/12Szene10.jpg\"><img decoding=\"async\" loading=\"lazy\" class=\"alignleft size-medium wp-image-188\" src=\"http:\/\/dertheatermacher.ch\/theaterobertor\/fraz\/wp-content\/uploads\/sites\/4\/2008\/06\/12Szene10-300x198.jpg\" alt=\"12Szene10\" width=\"300\" height=\"198\" srcset=\"http:\/\/dertheatermacher.ch\/theaterobertor\/fraz\/wp-content\/uploads\/sites\/4\/2008\/06\/12Szene10-300x198.jpg 300w, http:\/\/dertheatermacher.ch\/theaterobertor\/fraz\/wp-content\/uploads\/sites\/4\/2008\/06\/12Szene10-768x506.jpg 768w, http:\/\/dertheatermacher.ch\/theaterobertor\/fraz\/wp-content\/uploads\/sites\/4\/2008\/06\/12Szene10-700x461.jpg 700w, http:\/\/dertheatermacher.ch\/theaterobertor\/fraz\/wp-content\/uploads\/sites\/4\/2008\/06\/12Szene10-800x527.jpg 800w, http:\/\/dertheatermacher.ch\/theaterobertor\/fraz\/wp-content\/uploads\/sites\/4\/2008\/06\/12Szene10.jpg 892w\" sizes=\"(max-width: 300px) 100vw, 300px\" \/><\/a> <a href=\"http:\/\/dertheatermacher.ch\/theaterobertor\/fraz\/wp-content\/uploads\/sites\/4\/2008\/06\/12Szene1.jpg\"><img decoding=\"async\" loading=\"lazy\" class=\"alignleft size-medium wp-image-185\" src=\"http:\/\/dertheatermacher.ch\/theaterobertor\/fraz\/wp-content\/uploads\/sites\/4\/2008\/06\/12Szene1-202x300.jpg\" alt=\"12Szene1\" width=\"202\" height=\"300\" srcset=\"http:\/\/dertheatermacher.ch\/theaterobertor\/fraz\/wp-content\/uploads\/sites\/4\/2008\/06\/12Szene1-202x300.jpg 202w, http:\/\/dertheatermacher.ch\/theaterobertor\/fraz\/wp-content\/uploads\/sites\/4\/2008\/06\/12Szene1.jpg 596w\" sizes=\"(max-width: 202px) 100vw, 202px\" \/><\/a> <a href=\"http:\/\/dertheatermacher.ch\/theaterobertor\/fraz\/wp-content\/uploads\/sites\/4\/2008\/06\/12Szene9.jpg\"><img decoding=\"async\" loading=\"lazy\" class=\"alignleft size-medium wp-image-184\" src=\"http:\/\/dertheatermacher.ch\/theaterobertor\/fraz\/wp-content\/uploads\/sites\/4\/2008\/06\/12Szene9-204x300.jpg\" alt=\"12Szene9\" width=\"204\" height=\"300\" srcset=\"http:\/\/dertheatermacher.ch\/theaterobertor\/fraz\/wp-content\/uploads\/sites\/4\/2008\/06\/12Szene9-204x300.jpg 204w, http:\/\/dertheatermacher.ch\/theaterobertor\/fraz\/wp-content\/uploads\/sites\/4\/2008\/06\/12Szene9.jpg 604w\" sizes=\"(max-width: 204px) 100vw, 204px\" \/><\/a> <a href=\"http:\/\/dertheatermacher.ch\/theaterobertor\/fraz\/wp-content\/uploads\/sites\/4\/2008\/06\/12Szene8.jpg\"><img decoding=\"async\" loading=\"lazy\" class=\"alignleft size-medium wp-image-183\" src=\"http:\/\/dertheatermacher.ch\/theaterobertor\/fraz\/wp-content\/uploads\/sites\/4\/2008\/06\/12Szene8-300x201.jpg\" alt=\"12Szene8\" width=\"300\" height=\"201\" srcset=\"http:\/\/dertheatermacher.ch\/theaterobertor\/fraz\/wp-content\/uploads\/sites\/4\/2008\/06\/12Szene8-300x201.jpg 300w, http:\/\/dertheatermacher.ch\/theaterobertor\/fraz\/wp-content\/uploads\/sites\/4\/2008\/06\/12Szene8-768x515.jpg 768w, http:\/\/dertheatermacher.ch\/theaterobertor\/fraz\/wp-content\/uploads\/sites\/4\/2008\/06\/12Szene8-700x469.jpg 700w, http:\/\/dertheatermacher.ch\/theaterobertor\/fraz\/wp-content\/uploads\/sites\/4\/2008\/06\/12Szene8-800x536.jpg 800w, http:\/\/dertheatermacher.ch\/theaterobertor\/fraz\/wp-content\/uploads\/sites\/4\/2008\/06\/12Szene8.jpg 892w\" sizes=\"(max-width: 300px) 100vw, 300px\" \/><\/a> <a href=\"http:\/\/dertheatermacher.ch\/theaterobertor\/fraz\/wp-content\/uploads\/sites\/4\/2008\/06\/12Szene7.jpg\"><img decoding=\"async\" loading=\"lazy\" class=\"alignleft size-medium wp-image-182\" src=\"http:\/\/dertheatermacher.ch\/theaterobertor\/fraz\/wp-content\/uploads\/sites\/4\/2008\/06\/12Szene7-300x206.jpg\" alt=\"12Szene7\" width=\"300\" height=\"206\" srcset=\"http:\/\/dertheatermacher.ch\/theaterobertor\/fraz\/wp-content\/uploads\/sites\/4\/2008\/06\/12Szene7-300x206.jpg 300w, http:\/\/dertheatermacher.ch\/theaterobertor\/fraz\/wp-content\/uploads\/sites\/4\/2008\/06\/12Szene7-768x526.jpg 768w, http:\/\/dertheatermacher.ch\/theaterobertor\/fraz\/wp-content\/uploads\/sites\/4\/2008\/06\/12Szene7-700x480.jpg 700w, http:\/\/dertheatermacher.ch\/theaterobertor\/fraz\/wp-content\/uploads\/sites\/4\/2008\/06\/12Szene7-800x548.jpg 800w, http:\/\/dertheatermacher.ch\/theaterobertor\/fraz\/wp-content\/uploads\/sites\/4\/2008\/06\/12Szene7.jpg 884w\" sizes=\"(max-width: 300px) 100vw, 300px\" \/><\/a> <a href=\"http:\/\/dertheatermacher.ch\/theaterobertor\/fraz\/wp-content\/uploads\/sites\/4\/2008\/06\/12Szene6.jpg\"><img decoding=\"async\" loading=\"lazy\" class=\"alignleft size-medium wp-image-181\" src=\"http:\/\/dertheatermacher.ch\/theaterobertor\/fraz\/wp-content\/uploads\/sites\/4\/2008\/06\/12Szene6-300x199.jpg\" alt=\"12Szene6\" width=\"300\" height=\"199\" srcset=\"http:\/\/dertheatermacher.ch\/theaterobertor\/fraz\/wp-content\/uploads\/sites\/4\/2008\/06\/12Szene6-300x199.jpg 300w, http:\/\/dertheatermacher.ch\/theaterobertor\/fraz\/wp-content\/uploads\/sites\/4\/2008\/06\/12Szene6-768x509.jpg 768w, http:\/\/dertheatermacher.ch\/theaterobertor\/fraz\/wp-content\/uploads\/sites\/4\/2008\/06\/12Szene6-700x464.jpg 700w, http:\/\/dertheatermacher.ch\/theaterobertor\/fraz\/wp-content\/uploads\/sites\/4\/2008\/06\/12Szene6-800x530.jpg 800w, http:\/\/dertheatermacher.ch\/theaterobertor\/fraz\/wp-content\/uploads\/sites\/4\/2008\/06\/12Szene6.jpg 896w\" sizes=\"(max-width: 300px) 100vw, 300px\" \/><\/a> <a href=\"http:\/\/dertheatermacher.ch\/theaterobertor\/fraz\/wp-content\/uploads\/sites\/4\/2008\/06\/12Szene5.jpg\"><img decoding=\"async\" loading=\"lazy\" class=\"alignleft size-medium wp-image-179\" src=\"http:\/\/dertheatermacher.ch\/theaterobertor\/fraz\/wp-content\/uploads\/sites\/4\/2008\/06\/12Szene5-300x201.jpg\" alt=\"12Szene5\" width=\"300\" height=\"201\" srcset=\"http:\/\/dertheatermacher.ch\/theaterobertor\/fraz\/wp-content\/uploads\/sites\/4\/2008\/06\/12Szene5-300x201.jpg 300w, http:\/\/dertheatermacher.ch\/theaterobertor\/fraz\/wp-content\/uploads\/sites\/4\/2008\/06\/12Szene5-768x514.jpg 768w, http:\/\/dertheatermacher.ch\/theaterobertor\/fraz\/wp-content\/uploads\/sites\/4\/2008\/06\/12Szene5-700x468.jpg 700w, http:\/\/dertheatermacher.ch\/theaterobertor\/fraz\/wp-content\/uploads\/sites\/4\/2008\/06\/12Szene5-800x535.jpg 800w, http:\/\/dertheatermacher.ch\/theaterobertor\/fraz\/wp-content\/uploads\/sites\/4\/2008\/06\/12Szene5.jpg 888w\" sizes=\"(max-width: 300px) 100vw, 300px\" \/><\/a> <a href=\"http:\/\/dertheatermacher.ch\/theaterobertor\/fraz\/wp-content\/uploads\/sites\/4\/2008\/06\/12Szene4.jpg\"><img decoding=\"async\" loading=\"lazy\" class=\"alignleft size-medium wp-image-178\" src=\"http:\/\/dertheatermacher.ch\/theaterobertor\/fraz\/wp-content\/uploads\/sites\/4\/2008\/06\/12Szene4-300x203.jpg\" alt=\"12Szene4\" width=\"300\" height=\"203\" srcset=\"http:\/\/dertheatermacher.ch\/theaterobertor\/fraz\/wp-content\/uploads\/sites\/4\/2008\/06\/12Szene4-300x203.jpg 300w, http:\/\/dertheatermacher.ch\/theaterobertor\/fraz\/wp-content\/uploads\/sites\/4\/2008\/06\/12Szene4-768x519.jpg 768w, http:\/\/dertheatermacher.ch\/theaterobertor\/fraz\/wp-content\/uploads\/sites\/4\/2008\/06\/12Szene4-700x473.jpg 700w, http:\/\/dertheatermacher.ch\/theaterobertor\/fraz\/wp-content\/uploads\/sites\/4\/2008\/06\/12Szene4-800x541.jpg 800w, http:\/\/dertheatermacher.ch\/theaterobertor\/fraz\/wp-content\/uploads\/sites\/4\/2008\/06\/12Szene4.jpg 888w\" sizes=\"(max-width: 300px) 100vw, 300px\" \/><\/a> <a href=\"http:\/\/dertheatermacher.ch\/theaterobertor\/fraz\/wp-content\/uploads\/sites\/4\/2008\/06\/12Szene3.jpg\"><img decoding=\"async\" loading=\"lazy\" class=\"alignleft size-medium wp-image-177\" src=\"http:\/\/dertheatermacher.ch\/theaterobertor\/fraz\/wp-content\/uploads\/sites\/4\/2008\/06\/12Szene3-300x201.jpg\" alt=\"12Szene3\" width=\"300\" height=\"201\" srcset=\"http:\/\/dertheatermacher.ch\/theaterobertor\/fraz\/wp-content\/uploads\/sites\/4\/2008\/06\/12Szene3-300x201.jpg 300w, http:\/\/dertheatermacher.ch\/theaterobertor\/fraz\/wp-content\/uploads\/sites\/4\/2008\/06\/12Szene3-768x514.jpg 768w, http:\/\/dertheatermacher.ch\/theaterobertor\/fraz\/wp-content\/uploads\/sites\/4\/2008\/06\/12Szene3-700x469.jpg 700w, http:\/\/dertheatermacher.ch\/theaterobertor\/fraz\/wp-content\/uploads\/sites\/4\/2008\/06\/12Szene3-800x536.jpg 800w, http:\/\/dertheatermacher.ch\/theaterobertor\/fraz\/wp-content\/uploads\/sites\/4\/2008\/06\/12Szene3.jpg 884w\" sizes=\"(max-width: 300px) 100vw, 300px\" \/><\/a> <a href=\"http:\/\/dertheatermacher.ch\/theaterobertor\/fraz\/wp-content\/uploads\/sites\/4\/2008\/06\/12Szene2.jpg\"><img decoding=\"async\" loading=\"lazy\" class=\"alignleft size-medium wp-image-176\" src=\"http:\/\/dertheatermacher.ch\/theaterobertor\/fraz\/wp-content\/uploads\/sites\/4\/2008\/06\/12Szene2-300x190.jpg\" alt=\"12Szene2\" width=\"300\" height=\"190\" srcset=\"http:\/\/dertheatermacher.ch\/theaterobertor\/fraz\/wp-content\/uploads\/sites\/4\/2008\/06\/12Szene2-300x190.jpg 300w, http:\/\/dertheatermacher.ch\/theaterobertor\/fraz\/wp-content\/uploads\/sites\/4\/2008\/06\/12Szene2-768x486.jpg 768w, http:\/\/dertheatermacher.ch\/theaterobertor\/fraz\/wp-content\/uploads\/sites\/4\/2008\/06\/12Szene2-700x443.jpg 700w, http:\/\/dertheatermacher.ch\/theaterobertor\/fraz\/wp-content\/uploads\/sites\/4\/2008\/06\/12Szene2-800x507.jpg 800w, http:\/\/dertheatermacher.ch\/theaterobertor\/fraz\/wp-content\/uploads\/sites\/4\/2008\/06\/12Szene2.jpg 900w\" sizes=\"(max-width: 300px) 100vw, 300px\" \/><\/a><\/p>\n","protected":false},"excerpt":{"rendered":"<p>von Marius Leutenegger (Text) und Christoph Frei (Musik) 27. und 28 August sowie 2., 4 und 10. September 2004, Hallenbau Promenadengasse, Z\u00fcrich 1. November 2004, Adliswil Darstellende Christina Hwang, Mireille Jaton, Ursula Mezger, Linda Schopper, Nicole Volkart, Adrian Etter, Christoph Frei, Kaspar Hensel, Marius Leutenegger, Bernhard Rubin. Team Regie: Marius Leutenegger Musik: Christoph Frei Kost\u00fcme:&#8230;<\/p>\n","protected":false},"author":3,"featured_media":226,"parent":5,"menu_order":12,"comment_status":"closed","ping_status":"closed","template":"","meta":[],"_links":{"self":[{"href":"http:\/\/dertheatermacher.ch\/theaterobertor\/fraz\/wp-json\/wp\/v2\/pages\/19"}],"collection":[{"href":"http:\/\/dertheatermacher.ch\/theaterobertor\/fraz\/wp-json\/wp\/v2\/pages"}],"about":[{"href":"http:\/\/dertheatermacher.ch\/theaterobertor\/fraz\/wp-json\/wp\/v2\/types\/page"}],"author":[{"embeddable":true,"href":"http:\/\/dertheatermacher.ch\/theaterobertor\/fraz\/wp-json\/wp\/v2\/users\/3"}],"replies":[{"embeddable":true,"href":"http:\/\/dertheatermacher.ch\/theaterobertor\/fraz\/wp-json\/wp\/v2\/comments?post=19"}],"version-history":[{"count":3,"href":"http:\/\/dertheatermacher.ch\/theaterobertor\/fraz\/wp-json\/wp\/v2\/pages\/19\/revisions"}],"predecessor-version":[{"id":273,"href":"http:\/\/dertheatermacher.ch\/theaterobertor\/fraz\/wp-json\/wp\/v2\/pages\/19\/revisions\/273"}],"up":[{"embeddable":true,"href":"http:\/\/dertheatermacher.ch\/theaterobertor\/fraz\/wp-json\/wp\/v2\/pages\/5"}],"wp:featuredmedia":[{"embeddable":true,"href":"http:\/\/dertheatermacher.ch\/theaterobertor\/fraz\/wp-json\/wp\/v2\/media\/226"}],"wp:attachment":[{"href":"http:\/\/dertheatermacher.ch\/theaterobertor\/fraz\/wp-json\/wp\/v2\/media?parent=19"}],"curies":[{"name":"wp","href":"https:\/\/api.w.org\/{rel}","templated":true}]}}